is the value of (-26 - (-45 - -55)) + -29 + -22?
-87
What is the value of -135 + (-8 - -2) + (-10 - (-10 - 23 - -4))?
-122
What is -47 + (-48 - (56 - 156))?
5
Evaluate -59 + -134 + 65 + 128.
0
What is the value of -5 + ((-89 + 54 - -42) + (0 - 4) - -95)?
93
Evaluate -131 + (40 - 102) + 132.
-61
What is the value of -2 + (-10 - 0) + -13 + -12?
-37
Evaluate -9 - (-12 + 22 + -3 + 4 - 62).
42
Calculate -60 + (58 - 2) - (-93 + -23).
112
Calculate 19 - (-13 - (15 + -49 + 40)).
38
What is -38 + 29 - 31 - (-1 - (-4 + 7))?
-36
What is 69 - (50 + (-40 - 34))?
93
What is 44 - (-2 - 4 - (4 + -1 + 0 + -4))?
49
((-7 + -3 - -5) + 0 - -8) + (-185 - -187)
5
58 + -33 + -2 + (0 - -1) + -1 + -4
19
What is the value of 15 + -8 + -95 - -56?
-32
What is -72 + 347 + -121 + -66?
88
Calculate 24 - (-10 - 31 - -68).
-3
What is the value of 76 - (52 + 34 + -27)?
17
What is the value of (33 - 1) + -83 + -10?
-61
What is the value of 0 + -7 + -7 + (-79 - -8)?
-85
-87 - (-232 - -104) - (-1 - -27)
15
Evaluate (6 - 3) + -29 + -39 + 98 + -50.
-17
Calculate -3 - (-9 - (17 + -19 + -17)) - (-1 - -11).
-23
Calculate (16 - -81 - 15) + (-4 - (3 - (-8 + 6))).
73
What is 24 - -4 - (330 - 351)?
49
What is the value of -12 - (-39 - (6 + 13 + -25 + 14))?
35
Calculate 1 + (1 - 91) + -37 + -116 + 164.
-78
What is -57 - ((16 + 1 - (5 - -6)) + (2 - -2))?
-67
What is the value of (-19 - -3) + -3 + 38 + 6?
25
What is the value of (-33 - 34) + 21 - -43?
-3
Calculate (-9 - (-29 - -15 - 9)) + -29 + -1.
-16
Evaluate (4 - (-17 - -13)) + (-2 - (11 + -2 + -25)).
22
What is (7 - 2 - (-22 + 58 - 23)) + 17?
9
What is the value of 134 + (-335 + 142 - 54)?
-113
Calculate -61 + -22 + 3 + (19 - -1) + (-1 - -11).
-50
What is 10 + (141 - (-44 - -105))?
90
Calculate 20 + -26 + 0 + 3 + 2 + (7 - 23).
-17
What is the value of (13 + 8 - 9 - 9) + -16 + -66?
-79
What is 66579 - 66553 - (1 - (64 - 1))?
88
Evaluate (1 - -92) + (-1 + 45 - 7) + -40.
90
What is 19 - (-10 + 29 + (53 - -7))?
-60
Evaluate (2 - (2 - 3)) + (-82 - (-50 + 25)) - 7.
-61
Evaluate -53 - (33 - 3 - 0) - -28.
-55
Calculate 162 - 92 - (3 - -115).
-48
-3 + 16 - (21 - (40 - -18))
50
4 + -143 + 2756 + -2697
-80
What is the value of 5 - ((134 - 16) + -32 - -1)?
-82
Calculate -97 + (15 - (-78 + -6)).
2
What is the value of (14 - 0) + 37 + (-5 - 26)?
20
What is -2 + (-1 + -95 + -10 - 16 - -9)?
-115
254 - 361 - (-24 - -13 - -32)
-128
Evaluate 16 + 8 - (95 - 102).
31
Calculate -37 + (8 - -58) - 4.
25
What is the value of 85 + (23 + (23 - 24) - 17)?
90
95 + 20 + 105 + -269
-49
What is the value of (-35 + 21 - -3) + 6 + 41 + 2?
38
Calculate (2 - 13) + -30 + -18 + 50.
-9
(525 - 612) + 56 + -2
-33
Evaluate -17 - (42 - (8 - 51)).
-102
Calculate (-6 - 0 - -2) + (6 + -15 + 0 - -1).
-12
What is (-108 - (-17 - -35)) + 63?
-63
Evaluate -20 + (93 - 183) + 38.
-72
What is the value of -62 - 0 - (46 + -41 + -32)?
-35
10 - ((-3 - 24) + (-3 - (2 + -4)))
38
Calculate 44 + (-6 - -1 - (-62 + 82 - 11)) - 9.
21
Calculate (3 - 101) + 85 + (0 - 1).
-14
What is the value of (-508 - -612) + -191 + -3?
-90
Evaluate (11921 + -11934 - (-9 - (-1 - 0) - 1)) + 9.
5
(133 - 93) + -162 + 75
-47
Evaluate 42 + -5 - (17 - (-22 + 12) - 7).
17
Evaluate -12 + (-53 - -74) - -36.
45
What is the value of 0 + -3 - -10 - (51 - (3 - -18))?
-23
What is (41 - 5) + (-7 - 0) - (-16 + 25)?
20
What is the value of (29 + -34 - -49) + -16?
28
-1 + 8 + 0 + (-10 - (-29 - (-10 - 2)))
14
Calculate ((-3 - -3) + -1 - (-7 - (44 - 48))) + 63.
65
(-12 - 143) + (17 + -8 + 5 - (3 + -2))
-142
-21 - (-54 - 11) - (4 + 1 - -1)
38
What is the value of -49 + (124 - (57 - 58))?
76
Calculate -1 + 87 - (-17022 - -17131).
-23
Evaluate 29 - ((-20 + 14 - 14) + 8).
41
Calculate 77 + -72 + 1 + -48.
-42
What is 85 - (-55 - -138 - 57)?
59
Evaluate 18 + 24 + -110 - (-5 - 37).
-26
What is -1 + 58 - (12 + -1 + (4 - (12 + -7)))?
47
(13 + -33 - (14 - (31 - 9))) + -35
-47
3 - 10 - -4 - (44 + -16 + -22 + 54)
-63
Evaluate 63 - (-3 - (-13 + (10 - (-8 + 10)))) - -5.
66
Evaluate 8 - 25 - -24 - (-47 - (-3 + 7) - -1).
57
Evaluate 0 + -4 - (305 + -303 - (28 - -6)).
28
What is 288 + -214 + (1 - 36)?
39
-12 - (-35 + 15 + 33 + 15)
-40
What is 22 - 6 - (4 + 9 + 0) - (-11 - -1)?
13
Calculate -12 - (-35 + 68) - -47.
2
What is 31 - ((-2 - 19 - -22 - -11) + (-16 - -3))?
32
What is (0 - (-10 - -1)) + 25 + 42 + -9?
67
-48 - 2 - (-2 - (26 - 13) - (7 - 14))
-42
(-7 - (8 - (-2 - 1))) + -2
-20
What is the value of -1 - 5 - (30 + -29 - 2) - 69?
-74
Calculate 22 + (81 + -75 - -20).
48
47 - (130 + -119) - -93
129
What is the value of 13 + (1 + 28 - (-340 + 329)) + -2?
51
What is the value of (-4 - -8) + 11 + -17 - -62 - -19?
79
What is the value of 26 + (21 - (-19 - -22))?
44
What is -8 - (-13 - -5) - ((-1 - (-9 - -2)) + -42)?
36
What is the value of (46 - (0 - -1)) + (-15 - (231 - 254))?
53
17 + -9 + -19 + 16 + 49 - (-19 + 6)
67
What is the value of -20 - (-61 + (46 - 0)) - (-1 + -71)?
67
What is 2787 + -2819 + (33 - -1 - 3)?
-1
Calculate -21 - (-103 - -66 - -108).
-92
What is the value of -59 - ((-23 - -7) + -119)?
76
What is the value of 124 + 7 + 280 + -299 + 45?
157
74 - (-1 + 28 - 27 - (-2 - 2 - 0))
70
Calculate -26 + (-17 - -4 - -1) + 6.
-32
34 - 95 - (-81 - -56)
-36
What is the value of -62 + -2 + -108 + 105 - -23?
-44
Calculate (105 - 26) + -94 - (0 - (131 - 3)).
113
Calculate 0 + -46 - (-90 + -75 + 180).
-61
Calculate 6 - -48 - (33 + 1).
20
(26 + -1 - 13) + (-5 - 3) + (2 - 7)
-1
Calculate (23 - (-23 - 11) - -12) + -22.
47
What is the value of (55 - 29 - (-1 - -23)) + 33?
37
Evaluate 95 + (43 - 69 - 8).
61
What is (158 - 161) + 3 + 13 + -3 - (13 - 0)?
-3
What is the value of (30 - (9 + -2)) + -25 - (24 + 1)?
-27
Evaluate (-10 + 6 - 6) + (36 - (23 - (13 + -3))).
13
What is the value of -52 + -24 - (111 - 103)?
-84
What is the value of (-10 - -16) + -1 + -13 - (16 + 47)?
-71
Evaluate -75 + 242 + -46 + -15.
106
What is -53 - -15 - (-55 - 28)?
45
Calculate 11 - 7 - (55 + (-102 - -52)).
-1
Evaluate 51 + -1 + -70 + -40.
-60
Evaluate -21 - ((-354 - -339) + (6 - (27 - 2))).
13
Calculate (-1 - (-2 - -11)) + (3625 - 3595) + 39.
59
What is the value of (-54 + 12 - 45) + (-4 - (-3 + (5 - 0)))?
-93
What is -2 - (-10 + -1 + (-22 - 0) + 34 + 60)?
-63
What is the value of -6 + 48 + -143 + 50?
-51
What is the value of -219 - ((29 - 55) + -88)?
-105
Evaluate 9 + (0 - -5) + -1 + -97 + 144.
60
Evaluate 15 - (32 + (-4 - (-29 - -52))).
10
What is (20 - 6) + (-334 - -430) + (7 + -3 - 8)?
106
What is the value of -14 - ((28 - 66) + -1)?
25
-114 + (13 + -67 - -120)
-48
What is 248 + -201 + (13 + -14 - (-5 - -1))?
50
What is the value of 13 - (91 + 37 + -102)?
-13
What is the value of (-20 + 30 - -22) + 29?
61
What is the value of -43 - ((-86 - -43 - -51) + (-3 - -2) + -4)?
-46
What is the value of (-19 - (6 + -16)) + (6 + -12 - 10)?
-25
What is -48 + (-49 + 54 - -61)?
18
Evaluate 55 + -21 - 49 - 39.
-54
What is the value of -26 - -27 - ((4 - (8 + 3)) + 6 + -5)?
7
Evaluate -21 + 0 + (-25 + -2 + 13 - -10).
-25
Evaluate -7 - -1 - -2 - (5 + -15 + 4).
2
What is -27 + (43 - ((-25 - -7) + 42)) - -90?
82
-16 + (-38 - -72) + (0 - 10) + 3
11
What is the value of 0 + -39 + (310 - 294)?
-23
Evaluate -2 + 75 - (-30 + 114 + -98).
87
Calculate (6659 - 6624) + (20 - -1).
56
Calculate 99 - (72 + -32) - 127.
-68
What is (2 - 80 - (39 - (-22 - -83))) + 20?
-36
What is -62 + (8 - -8 - 34 - -36)?
-44
What is 124 - (-5 + 93 + -35)?
71
What is (6391 - 6537) + (17 + -9 - (-1 - 1 - -2))?
-138
Evaluate -306 + 333 + (2 - 26).
3
What is the value of (48 - -2) + (111 - (4 - -114))?
43
Calculate (-10 + 11 - -7 - (-15 - (8 - 12))) + 8.
27
What is -8 + (-1 - -1) + 29 + 0 + -49?
-28
What is 89 - (6 - -40) - 18 - 104?
-79
Calculate -11 + -7 + -32 + 59 + -35.
-26
What is the value of 6 + (1 + (-7 - 77) + 18 - -14)?
-45
What is the value of 1 + -45 + -17 + 55?
-6
What is -13 + 13 + -3 + 0 + 11 - (190 + -75)?
-107
Evaluate 38 + -1 + 0 + 16683 + -16667.
53
-19 + 16 + -7 - (1 + 5 + -12)
-4
What is the value of -14 + -48 + 265 + -198?
5
Evaluate 0 - (19 + -11 + -18 + 11 + -2 + -67).
68
What is the value of -13 + 2 - 12 - (-72 - -7)?
42
Evaluate -216 + 0 + (21678 - 21560).
-98
What is the value of (-2698 + 2717 - (0 + -1 - -14)) + 12?
18
16 - (-2 + 39 + -113 + 100)
-8
What is -7 + -2 + (-7 + 2 - 34 - (-23 + 30))?
-55
C